{"id":9,"date":"2017-07-05T17:58:24","date_gmt":"2017-07-05T15:58:24","guid":{"rendered":"http:\/\/spolek-bilka.cz\/?page_id=9"},"modified":"2022-07-27T12:30:07","modified_gmt":"2022-07-27T10:30:07","slug":"contact","status":"publish","type":"page","link":"https:\/\/spolek-bilka.cz\/uvod\/contact\/","title":{"rendered":"Kontakt"},"content":{"rendered":"<p>Bo\u0159islav \u2013 B\u00edlka<a href=\"https:\/\/mapy.cz\/zakladni?x=13.9352053&amp;y=50.5688273&amp;z=16&amp;source=base&amp;id=2078867\"><img loading=\"lazy\" decoding=\"async\" class=\"size-medium wp-image-632 alignright\" src=\"http:\/\/spolek-bilka.cz\/wp-content\/uploads\/2019\/06\/Bez-n\u00e1zvu-300x189.png\" alt=\"\" width=\"300\" height=\"189\" srcset=\"https:\/\/spolek-bilka.cz\/wp-content\/uploads\/2019\/06\/Bez-n\u00e1zvu-300x189.png 300w, https:\/\/spolek-bilka.cz\/wp-content\/uploads\/2019\/06\/Bez-n\u00e1zvu-768x484.png 768w, https:\/\/spolek-bilka.cz\/wp-content\/uploads\/2019\/06\/Bez-n\u00e1zvu-1024x645.png 1024w, https:\/\/spolek-bilka.cz\/wp-content\/uploads\/2019\/06\/Bez-n\u00e1zvu.png 1491w\" sizes=\"auto, (max-width: 300px) 100vw, 300px\" \/><\/a><\/p>\n<p>okres Teplice,<\/p>\n<p>\u00dasteck\u00fd kraj, \u010cesko.<\/p>\n<p><a href=\"https:\/\/www.facebook.com\/spolekbilka\">Facebook<\/a><\/p>\n<p><a href=\"http:\/\/ivannosek.com\/\">Email: ivan@ivannosek.com<\/a><\/p>\n<p>Email: katerina.nasticka@seznam.cz<\/p>\n\n\n<p><\/p>\n","protected":false},"excerpt":{"rendered":"<p>Bo\u0159islav \u2013 B\u00edlka okres Teplice, \u00dasteck\u00fd kraj, \u010cesko. Facebook Email: ivan@ivannosek.com Email: katerina.nasticka@seznam.cz<\/p>\n","protected":false},"author":1,"featured_media":212,"parent":0,"menu_order":0,"comment_status":"closed","ping_status":"closed","template":"","meta":{"ngg_post_thumbnail":0,"footnotes":""},"class_list":["post-9","page","type-page","status-publish","has-post-thumbnail","hentry"],"_links":{"self":[{"href":"https:\/\/spolek-bilka.cz\/uvod\/wp-json\/wp\/v2\/pages\/9","targetHints":{"allow":["GET"]}}],"collection":[{"href":"https:\/\/spolek-bilka.cz\/uvod\/wp-json\/wp\/v2\/pages"}],"about":[{"href":"https:\/\/spolek-bilka.cz\/uvod\/wp-json\/wp\/v2\/types\/page"}],"author":[{"embeddable":true,"href":"https:\/\/spolek-bilka.cz\/uvod\/wp-json\/wp\/v2\/users\/1"}],"replies":[{"embeddable":true,"href":"https:\/\/spolek-bilka.cz\/uvod\/wp-json\/wp\/v2\/comments?post=9"}],"version-history":[{"count":10,"href":"https:\/\/spolek-bilka.cz\/uvod\/wp-json\/wp\/v2\/pages\/9\/revisions"}],"predecessor-version":[{"id":695,"href":"https:\/\/spolek-bilka.cz\/uvod\/wp-json\/wp\/v2\/pages\/9\/revisions\/695"}],"wp:featuredmedia":[{"embeddable":true,"href":"https:\/\/spolek-bilka.cz\/uvod\/wp-json\/wp\/v2\/media\/212"}],"wp:attachment":[{"href":"https:\/\/spolek-bilka.cz\/uvod\/wp-json\/wp\/v2\/media?parent=9"}],"curies":[{"name":"wp","href":"https:\/\/api.w.org\/{rel}","templated":true}]}}