{"id":8,"date":"2017-07-05T17:58:24","date_gmt":"2017-07-05T15:58:24","guid":{"rendered":"http:\/\/spolek-bilka.cz\/?page_id=8"},"modified":"2022-01-14T18:09:09","modified_gmt":"2022-01-14T17:09:09","slug":"about","status":"publish","type":"page","link":"https:\/\/spolek-bilka.cz\/uvod\/about\/","title":{"rendered":"O spolku"},"content":{"rendered":"<p style=\"text-align: left;\">Ve druh\u00e9 polovin\u011b 20. stolet\u00ed se zp\u0159etrhaly p\u0159irozen\u00e9 vazby obyvatel <strong>B\u00edlky<\/strong> k&nbsp;m\u00edstu a jeho historii. Zanikla tak nap\u0159\u00edklad kaple sv. V\u00e1clava, \u00fadajn\u011b ze 17. Stolet\u00ed. Z&nbsp;iniciativy n\u011bkolika lid\u00ed, kter\u00fdm nebyl tento stav lhostejn\u00fd, vze\u0161lo v&nbsp;90. letech ob\u010dansk\u00e9 sdru\u017een\u00ed. Co si vytklo za c\u00edl, bylo z\u0159ejm\u00e9 u\u017e z&nbsp;n\u00e1zvu: Ob\u010dansk\u00e9 sdru\u017een\u00ed pro znovupostaven\u00ed kapli\u010dky a obnovu n\u00e1vsi v&nbsp;B\u00edlce. Po spln\u011bn\u00ed hlavn\u00edho \u00fakolu se neziskov\u00e1 organizace p\u0159ejmenovala na Ob\u010dansk\u00e9 sdru\u017een\u00ed p\u0159\u00e1tel \u010cesk\u00e9ho st\u0159edoho\u0159\u00ed v&nbsp;B\u00edlce pod Mile\u0161ovkou. Kapli kruhov\u00e9ho p\u016fdorysu situovanou na ov\u00e1ln\u00e9 n\u00e1vsi navrhl architekt Ivan Nosek. Ke spolupr\u00e1ci na um\u011bleck\u00e9 v\u00fdzdob\u011b interi\u00e9ru p\u0159izval sv\u00e9ho zn\u00e1m\u00e9ho z&nbsp;Teplic a pozd\u011bji z&nbsp;N\u011bmecka, socha\u0159e Jana Koblasu. Nov\u00e1 kaple vznikala postupn\u011b mezi lety 1996 \u2013 2000. Del\u0161\u00ed obdob\u00ed v\u00fdstavby souviselo s&nbsp;postupn\u00fdm z\u00edsk\u00e1v\u00e1n\u00edm finan\u010dn\u00edch prost\u0159edk\u016f prost\u0159ednictv\u00edm sb\u00edrky. P\u0159\u00edsp\u011bvky p\u0159ich\u00e1zely jak z&nbsp;\u010cech, tak z&nbsp;N\u011bmecka. P\u0159i p\u0159ed\u00e1n\u00ed dokon\u010den\u00e9 kaple vznikla idea pravideln\u00fdch z\u00e1\u0159ijov\u00fdch Svatov\u00e1clavsk\u00fdch slavnost\u00ed, kter\u00e9 se konaj\u00ed dodnes. Sdru\u017een\u00ed se zanedlouho po vysv\u011bcen\u00ed kaple rozhodlo pro dal\u0161\u00ed p\u0159\u00edsp\u011bvek ke kultivaci tamn\u00ed krajiny a spole\u010dnosti.&nbsp; Ve spolupr\u00e1ci s&nbsp;architektem Ivanem Noskem a socha\u0159em Janem Koblasou vznikla Cesta p\u0159\u00e1telstv\u00ed. Setkalo se 14 um\u011blc\u016f z&nbsp;\u010cech a z&nbsp;N\u011bmecka, aby vytvo\u0159ili socha\u0159sk\u00e1 d\u00edla, kter\u00e1 jsou od roku 2002 rozm\u00edst\u011bna pod\u00e9l cest v&nbsp;bezprost\u0159edn\u00edm okol\u00ed B\u00edlky. Projekt symbolizuje cestu k&nbsp;p\u0159\u00e1telstv\u00ed a m\u00e1 pomoci upevnit v&nbsp;minulosti naru\u0161en\u00e9 \u010desko-n\u011bmeck\u00e9 vztahy. (text Jan \u010cervinka z&nbsp;\u010dasopisu PRO PAM\u00c1TKY).<\/p>\n<p>&nbsp;<\/p>\n<p><strong>Ob\u010dansk\u00e9 sdru\u017een\u00ed<\/strong><\/p>\n<p>Zakl\u00e1daj\u00edc\u00ed \u010dlenov\u00e9 :&nbsp;<br \/>\nMiroslav Jedli\u010dka, Jana Jedli\u010dkov\u00e1, Kate\u0159ina Na\u0161tick\u00e1, Franti\u0161ek Mokr\u00e1\u010dek, pan\u00ed Mokr\u00e1\u010dkov\u00e1, Wasil Pitovka, pan\u00ed Pitovkov\u00e1, Julie Noskov\u00e1,&nbsp;<br \/>\nKarel Nosek, Pavel \u0160temprok, Ivana \u0160temprokov\u00e1, Ludmila Kl\u00e1nov\u00e1, Irena Noskov\u00e1, Ivan Nosek&nbsp;<\/p>\n<p><strong>Sou\u010dasn\u00ed \u010dlenov\u00e9:&nbsp;<\/strong><br \/>\nIvan Nosek, Irena Noskov\u00e1, Filip Nosek, Jana Jedli\u010dkov\u00e1, Kate\u0159ina Na\u0161tick\u00e1, Kurt Kuhnel, Vera Groger,&nbsp;Karin Ja\u010dkov\u00e1, Sofia Koblasa.<\/p>\n<p><strong>Podpora a spolupr\u00e1ce:<\/strong><\/p>\n<p>Obecn\u00ed \u00fa\u0159ad Bo\u0159islav \u2013 Okresn\u00ed \u00fa\u0159ad Teplice \u2013 M\u011bstsk\u00fd \u00fa\u0159ad Teplice&nbsp; &#8211; Spr\u00e1va chr\u00e1n\u011bn\u00e9 oblasti \u010cesk\u00e9ho st\u0159edoho\u0159\u00ed v&nbsp;Litom\u011b\u0159ic\u00edch \u2013 Biskupstv\u00ed litom\u011b\u0159ick\u00e9<\/p>\n","protected":false},"excerpt":{"rendered":"<p>Ve druh\u00e9 polovin\u011b 20. stolet\u00ed se zp\u0159etrhaly p\u0159irozen\u00e9 vazby obyvatel B\u00edlky k&nbsp;m\u00edstu a jeho historii. Zanikla tak nap\u0159\u00edklad kaple sv. V\u00e1clava, \u00fadajn\u011b ze 17. Stolet\u00ed. Z&nbsp;iniciativy n\u011bkolika lid\u00ed, kter\u00fdm nebyl tento stav lhostejn\u00fd, vze\u0161lo v&nbsp;90. letech ob\u010dansk\u00e9 sdru\u017een\u00ed. Co si vytklo za c\u00edl, bylo z\u0159ejm\u00e9 u\u017e z&nbsp;n\u00e1zvu: Ob\u010dansk\u00e9 sdru\u017een\u00ed pro znovupostaven\u00ed kapli\u010dky a obnovu n\u00e1vsi &hellip; <a href=\"https:\/\/spolek-bilka.cz\/uvod\/about\/\" class=\"more-link\">Pokra\u010dov\u00e1n\u00ed textu <span class=\"screen-reader-text\">O spolku<\/span><\/a><\/p>\n","protected":false},"author":1,"featured_media":272,"parent":0,"menu_order":0,"comment_status":"closed","ping_status":"closed","template":"","meta":{"ngg_post_thumbnail":0,"footnotes":""},"class_list":["post-8","page","type-page","status-publish","has-post-thumbnail","hentry"],"_links":{"self":[{"href":"https:\/\/spolek-bilka.cz\/uvod\/wp-json\/wp\/v2\/pages\/8","targetHints":{"allow":["GET"]}}],"collection":[{"href":"https:\/\/spolek-bilka.cz\/uvod\/wp-json\/wp\/v2\/pages"}],"about":[{"href":"https:\/\/spolek-bilka.cz\/uvod\/wp-json\/wp\/v2\/types\/page"}],"author":[{"embeddable":true,"href":"https:\/\/spolek-bilka.cz\/uvod\/wp-json\/wp\/v2\/users\/1"}],"replies":[{"embeddable":true,"href":"https:\/\/spolek-bilka.cz\/uvod\/wp-json\/wp\/v2\/comments?post=8"}],"version-history":[{"count":11,"href":"https:\/\/spolek-bilka.cz\/uvod\/wp-json\/wp\/v2\/pages\/8\/revisions"}],"predecessor-version":[{"id":678,"href":"https:\/\/spolek-bilka.cz\/uvod\/wp-json\/wp\/v2\/pages\/8\/revisions\/678"}],"wp:featuredmedia":[{"embeddable":true,"href":"https:\/\/spolek-bilka.cz\/uvod\/wp-json\/wp\/v2\/media\/272"}],"wp:attachment":[{"href":"https:\/\/spolek-bilka.cz\/uvod\/wp-json\/wp\/v2\/media?parent=8"}],"curies":[{"name":"wp","href":"https:\/\/api.w.org\/{rel}","templated":true}]}}

<p style="text-align: left;">Ve druhé polovině 20. století se zpřetrhaly přirozené vazby obyvatel <strong>Bílky</strong> k&nbsp;místu a jeho historii. Zanikla tak například kaple sv. Václava, údajně ze 17. Století. Z&nbsp;iniciativy několika lidí, kterým nebyl tento stav lhostejný, vzešlo v&nbsp;90. letech občanské sdružení. Co si vytklo za cíl, bylo zřejmé už z&nbsp;názvu: Občanské sdružení pro znovupostavení kapličky a obnovu návsi v&nbsp;Bílce. Po splnění hlavního úkolu se nezisková organizace přejmenovala na Občanské sdružení přátel Českého středohoří v&nbsp;Bílce pod Milešovkou. Kapli kruhového půdorysu situovanou na oválné návsi navrhl architekt Ivan Nosek. Ke spolupráci na umělecké výzdobě interiéru přizval svého známého z&nbsp;Teplic a později z&nbsp;Německa, sochaře Jana Koblasu. Nová kaple vznikala postupně mezi lety 1996 – 2000. Delší období výstavby souviselo s&nbsp;postupným získáváním finančních prostředků prostřednictvím sbírky. Příspěvky přicházely jak z&nbsp;Čech, tak z&nbsp;Německa. Při předání dokončené kaple vznikla idea pravidelných zářijových Svatováclavských slavností, které se konají dodnes. Sdružení se zanedlouho po vysvěcení kaple rozhodlo pro další příspěvek ke kultivaci tamní krajiny a společnosti.&nbsp; Ve spolupráci s&nbsp;architektem Ivanem Noskem a sochařem Janem Koblasou vznikla Cesta přátelství. Setkalo se 14 umělců z&nbsp;Čech a z&nbsp;Německa, aby vytvořili sochařská díla, která jsou od roku 2002 rozmístěna podél cest v&nbsp;bezprostředním okolí Bílky. Projekt symbolizuje cestu k&nbsp;přátelství a má pomoci upevnit v&nbsp;minulosti narušené česko-německé vztahy. (text Jan Červinka z&nbsp;časopisu PRO PAMÁTKY).</p>
<p>&nbsp;</p>
<p><strong>Občanské sdružení</strong></p>
<p>Zakládající členové :&nbsp;<br />
Miroslav Jedlička, Jana Jedličková, Kateřina Naštická, František Mokráček, paní Mokráčková, Wasil Pitovka, paní Pitovková, Julie Nosková,&nbsp;<br />
Karel Nosek, Pavel Štemprok, Ivana Štemproková, Ludmila Klánová, Irena Nosková, Ivan Nosek&nbsp;</p>
<p><strong>Současní členové:&nbsp;</strong><br />
Ivan Nosek, Irena Nosková, Filip Nosek, Jana Jedličková, Kateřina Naštická, Kurt Kuhnel, Vera Groger,&nbsp;Karin Jačková, Sofia Koblasa.</p>
<p><strong>Podpora a spolupráce:</strong></p>
<p>Obecní úřad Bořislav – Okresní úřad Teplice – Městský úřad Teplice&nbsp; &#8211; Správa chráněné oblasti Českého středohoří v&nbsp;Litoměřicích – Biskupství litoměřické</p>

<p>Ve druhé polovině 20. století se zpřetrhaly přirozené vazby obyvatel Bílky k&nbsp;místu a jeho historii. Zanikla tak například kaple sv. Václava, údajně ze 17. Století. Z&nbsp;iniciativy několika lidí, kterým nebyl tento stav lhostejný, vzešlo v&nbsp;90. letech občanské sdružení. Co si vytklo za cíl, bylo zřejmé už z&nbsp;názvu: Občanské sdružení pro znovupostavení kapličky a obnovu návsi &hellip; <a href="https://spolek-bilka.cz/uvod/about/" class="more-link">Pokračování textu <span class="screen-reader-text">O spolku</span></a></p>
