{"id":382,"date":"2017-08-12T19:20:09","date_gmt":"2017-08-12T17:20:09","guid":{"rendered":"http:\/\/spolek-bilka.cz\/?page_id=382"},"modified":"2022-01-31T18:10:51","modified_gmt":"2022-01-31T17:10:51","slug":"cesta-pratelstvi","status":"publish","type":"page","link":"https:\/\/spolek-bilka.cz\/uvod\/cesta-pratelstvi\/","title":{"rendered":"Cesta p\u0159\u00e1telstv\u00ed"},"content":{"rendered":"<p>Cesta p\u0159\u00e1telstv\u00ed ve zkratce<\/p>\n<p><iframe loading=\"lazy\" title=\"Cesta p\u0159\u00e1telstv\u00ed\" width=\"660\" height=\"371\" src=\"https:\/\/www.youtube.com\/embed\/qir4_PLQwkw?feature=oembed\" frameborder=\"0\" allow=\"accelerometer; autoplay; clipboard-write; encrypted-media; gyroscope; picture-in-picture; web-share\" referrerpolicy=\"strict-origin-when-cross-origin\" allowfullscreen><\/iframe><\/p>\n<div id='gallery-1' class='gallery galleryid-382 gallery-columns-3 gallery-size-large'><figure class='gallery-item'>\n\t\t\t<div class='gallery-icon landscape'>\n\t\t\t\t<a href='https:\/\/spolek-bilka.cz\/uvod\/1-zvonice\/'><img loading=\"lazy\" decoding=\"async\" width=\"660\" height=\"371\" src=\"https:\/\/spolek-bilka.cz\/wp-content\/uploads\/2017\/08\/1.-Zvonice-1024x576.jpg\" class=\"attachment-large size-large\" alt=\"\" srcset=\"https:\/\/spolek-bilka.cz\/wp-content\/uploads\/2017\/08\/1.-Zvonice-1024x576.jpg 1024w, https:\/\/spolek-bilka.cz\/wp-content\/uploads\/2017\/08\/1.-Zvonice-300x169.jpg 300w, https:\/\/spolek-bilka.cz\/wp-content\/uploads\/2017\/08\/1.-Zvonice-768x432.jpg 768w, https:\/\/spolek-bilka.cz\/wp-content\/uploads\/2017\/08\/1.-Zvonice.jpg 1366w\" sizes=\"auto, (max-width: 660px) 100vw, 660px\" \/><\/a>\n\t\t\t<\/div><\/figure><figure class='gallery-item'>\n\t\t\t<div class='gallery-icon landscape'>\n\t\t\t\t<a href='https:\/\/spolek-bilka.cz\/uvod\/2-pocta\/'><img loading=\"lazy\" decoding=\"async\" width=\"660\" height=\"371\" src=\"https:\/\/spolek-bilka.cz\/wp-content\/uploads\/2017\/08\/2.-Pocta-1024x576.jpg\" class=\"attachment-large size-large\" alt=\"\" srcset=\"https:\/\/spolek-bilka.cz\/wp-content\/uploads\/2017\/08\/2.-Pocta-1024x576.jpg 1024w, https:\/\/spolek-bilka.cz\/wp-content\/uploads\/2017\/08\/2.-Pocta-300x169.jpg 300w, https:\/\/spolek-bilka.cz\/wp-content\/uploads\/2017\/08\/2.-Pocta-768x432.jpg 768w, https:\/\/spolek-bilka.cz\/wp-content\/uploads\/2017\/08\/2.-Pocta.jpg 1366w\" sizes=\"auto, (max-width: 660px) 100vw, 660px\" \/><\/a>\n\t\t\t<\/div><\/figure><figure class='gallery-item'>\n\t\t\t<div class='gallery-icon landscape'>\n\t\t\t\t<a href='https:\/\/spolek-bilka.cz\/uvod\/3-tamar\/'><img loading=\"lazy\" decoding=\"async\" width=\"660\" height=\"371\" src=\"https:\/\/spolek-bilka.cz\/wp-content\/uploads\/2017\/08\/3.-Tamar-1024x576.jpg\" class=\"attachment-large size-large\" alt=\"\" srcset=\"https:\/\/spolek-bilka.cz\/wp-content\/uploads\/2017\/08\/3.-Tamar-1024x576.jpg 1024w, https:\/\/spolek-bilka.cz\/wp-content\/uploads\/2017\/08\/3.-Tamar-300x169.jpg 300w, https:\/\/spolek-bilka.cz\/wp-content\/uploads\/2017\/08\/3.-Tamar-768x432.jpg 768w, https:\/\/spolek-bilka.cz\/wp-content\/uploads\/2017\/08\/3.-Tamar.jpg 1366w\" sizes=\"auto, (max-width: 660px) 100vw, 660px\" \/><\/a>\n\t\t\t<\/div><\/figure><figure class='gallery-item'>\n\t\t\t<div class='gallery-icon landscape'>\n\t\t\t\t<a href='https:\/\/spolek-bilka.cz\/uvod\/4-pieta\/'><img loading=\"lazy\" decoding=\"async\" width=\"660\" height=\"371\" src=\"https:\/\/spolek-bilka.cz\/wp-content\/uploads\/2017\/08\/4.-Pieta-1024x576.jpg\" class=\"attachment-large size-large\" alt=\"\" srcset=\"https:\/\/spolek-bilka.cz\/wp-content\/uploads\/2017\/08\/4.-Pieta-1024x576.jpg 1024w, https:\/\/spolek-bilka.cz\/wp-content\/uploads\/2017\/08\/4.-Pieta-300x169.jpg 300w, https:\/\/spolek-bilka.cz\/wp-content\/uploads\/2017\/08\/4.-Pieta-768x432.jpg 768w, https:\/\/spolek-bilka.cz\/wp-content\/uploads\/2017\/08\/4.-Pieta.jpg 1366w\" sizes=\"auto, (max-width: 660px) 100vw, 660px\" \/><\/a>\n\t\t\t<\/div><\/figure><figure class='gallery-item'>\n\t\t\t<div class='gallery-icon landscape'>\n\t\t\t\t<a href='https:\/\/spolek-bilka.cz\/uvod\/5-vetrny-objekt\/'><img loading=\"lazy\" decoding=\"async\" width=\"660\" height=\"371\" src=\"https:\/\/spolek-bilka.cz\/wp-content\/uploads\/2017\/08\/5.-V\u011btrn\u00fd-objekt-1024x576.jpg\" class=\"attachment-large size-large\" alt=\"\" srcset=\"https:\/\/spolek-bilka.cz\/wp-content\/uploads\/2017\/08\/5.-V\u011btrn\u00fd-objekt-1024x576.jpg 1024w, https:\/\/spolek-bilka.cz\/wp-content\/uploads\/2017\/08\/5.-V\u011btrn\u00fd-objekt-300x169.jpg 300w, https:\/\/spolek-bilka.cz\/wp-content\/uploads\/2017\/08\/5.-V\u011btrn\u00fd-objekt-768x432.jpg 768w, https:\/\/spolek-bilka.cz\/wp-content\/uploads\/2017\/08\/5.-V\u011btrn\u00fd-objekt.jpg 1366w\" sizes=\"auto, (max-width: 660px) 100vw, 660px\" \/><\/a>\n\t\t\t<\/div><\/figure><figure class='gallery-item'>\n\t\t\t<div class='gallery-icon portrait'>\n\t\t\t\t<a href='https:\/\/spolek-bilka.cz\/uvod\/6-pletenec\/'><img loading=\"lazy\" decoding=\"async\" width=\"576\" height=\"1024\" src=\"https:\/\/spolek-bilka.cz\/wp-content\/uploads\/2017\/08\/6.-Pletenec-576x1024.jpg\" class=\"attachment-large size-large\" alt=\"\" srcset=\"https:\/\/spolek-bilka.cz\/wp-content\/uploads\/2017\/08\/6.-Pletenec-576x1024.jpg 576w, https:\/\/spolek-bilka.cz\/wp-content\/uploads\/2017\/08\/6.-Pletenec-169x300.jpg 169w, https:\/\/spolek-bilka.cz\/wp-content\/uploads\/2017\/08\/6.-Pletenec-768x1365.jpg 768w, https:\/\/spolek-bilka.cz\/wp-content\/uploads\/2017\/08\/6.-Pletenec.jpg 1872w\" sizes=\"auto, (max-width: 576px) 100vw, 576px\" \/><\/a>\n\t\t\t<\/div><\/figure><figure class='gallery-item'>\n\t\t\t<div class='gallery-icon landscape'>\n\t\t\t\t<a href='https:\/\/spolek-bilka.cz\/uvod\/7-poutnik-v-cizine\/'><img loading=\"lazy\" decoding=\"async\" width=\"660\" height=\"371\" src=\"https:\/\/spolek-bilka.cz\/wp-content\/uploads\/2017\/08\/7.-Poutn\u00edk-v-cizin\u011b-1024x576.jpg\" class=\"attachment-large size-large\" alt=\"\" srcset=\"https:\/\/spolek-bilka.cz\/wp-content\/uploads\/2017\/08\/7.-Poutn\u00edk-v-cizin\u011b-1024x576.jpg 1024w, https:\/\/spolek-bilka.cz\/wp-content\/uploads\/2017\/08\/7.-Poutn\u00edk-v-cizin\u011b-300x169.jpg 300w, https:\/\/spolek-bilka.cz\/wp-content\/uploads\/2017\/08\/7.-Poutn\u00edk-v-cizin\u011b-768x432.jpg 768w, https:\/\/spolek-bilka.cz\/wp-content\/uploads\/2017\/08\/7.-Poutn\u00edk-v-cizin\u011b.jpg 1366w\" sizes=\"auto, (max-width: 660px) 100vw, 660px\" \/><\/a>\n\t\t\t<\/div><\/figure><figure class='gallery-item'>\n\t\t\t<div class='gallery-icon landscape'>\n\t\t\t\t<a href='https:\/\/spolek-bilka.cz\/uvod\/8-tancici-andel\/'><img loading=\"lazy\" decoding=\"async\" width=\"660\" height=\"371\" src=\"https:\/\/spolek-bilka.cz\/wp-content\/uploads\/2017\/08\/8.-Tan\u010d\u00edc\u00ed-and\u011bl-1024x576.jpg\" class=\"attachment-large size-large\" alt=\"\" srcset=\"https:\/\/spolek-bilka.cz\/wp-content\/uploads\/2017\/08\/8.-Tan\u010d\u00edc\u00ed-and\u011bl-1024x576.jpg 1024w, https:\/\/spolek-bilka.cz\/wp-content\/uploads\/2017\/08\/8.-Tan\u010d\u00edc\u00ed-and\u011bl-300x169.jpg 300w, https:\/\/spolek-bilka.cz\/wp-content\/uploads\/2017\/08\/8.-Tan\u010d\u00edc\u00ed-and\u011bl-768x432.jpg 768w\" sizes=\"auto, (max-width: 660px) 100vw, 660px\" \/><\/a>\n\t\t\t<\/div><\/figure><figure class='gallery-item'>\n\t\t\t<div class='gallery-icon landscape'>\n\t\t\t\t<a href='https:\/\/spolek-bilka.cz\/uvod\/9-dum-na-ceste-do-raje\/'><img loading=\"lazy\" decoding=\"async\" width=\"660\" height=\"371\" src=\"https:\/\/spolek-bilka.cz\/wp-content\/uploads\/2017\/08\/9.-D\u016fm-na-cest\u011b-do-r\u00e1je-1024x576.jpg\" class=\"attachment-large size-large\" alt=\"\" srcset=\"https:\/\/spolek-bilka.cz\/wp-content\/uploads\/2017\/08\/9.-D\u016fm-na-cest\u011b-do-r\u00e1je-1024x576.jpg 1024w, https:\/\/spolek-bilka.cz\/wp-content\/uploads\/2017\/08\/9.-D\u016fm-na-cest\u011b-do-r\u00e1je-300x169.jpg 300w, https:\/\/spolek-bilka.cz\/wp-content\/uploads\/2017\/08\/9.-D\u016fm-na-cest\u011b-do-r\u00e1je-768x432.jpg 768w\" sizes=\"auto, (max-width: 660px) 100vw, 660px\" \/><\/a>\n\t\t\t<\/div><\/figure><figure class='gallery-item'>\n\t\t\t<div class='gallery-icon landscape'>\n\t\t\t\t<a href='https:\/\/spolek-bilka.cz\/uvod\/10-prestavka-na-pouti\/'><img loading=\"lazy\" decoding=\"async\" width=\"660\" height=\"371\" src=\"https:\/\/spolek-bilka.cz\/wp-content\/uploads\/2017\/08\/10.-P\u0159est\u00e1vka-na-pouti-1024x576.jpg\" class=\"attachment-large size-large\" alt=\"\" srcset=\"https:\/\/spolek-bilka.cz\/wp-content\/uploads\/2017\/08\/10.-P\u0159est\u00e1vka-na-pouti-1024x576.jpg 1024w, https:\/\/spolek-bilka.cz\/wp-content\/uploads\/2017\/08\/10.-P\u0159est\u00e1vka-na-pouti-300x169.jpg 300w, https:\/\/spolek-bilka.cz\/wp-content\/uploads\/2017\/08\/10.-P\u0159est\u00e1vka-na-pouti-768x432.jpg 768w\" sizes=\"auto, (max-width: 660px) 100vw, 660px\" \/><\/a>\n\t\t\t<\/div><\/figure><figure class='gallery-item'>\n\t\t\t<div class='gallery-icon landscape'>\n\t\t\t\t<a href='https:\/\/spolek-bilka.cz\/uvod\/11-bez-jmena\/'><img loading=\"lazy\" decoding=\"async\" width=\"660\" height=\"371\" src=\"https:\/\/spolek-bilka.cz\/wp-content\/uploads\/2017\/08\/11.-Bez-jm\u00e9na-1024x576.jpg\" class=\"attachment-large size-large\" alt=\"\" srcset=\"https:\/\/spolek-bilka.cz\/wp-content\/uploads\/2017\/08\/11.-Bez-jm\u00e9na-1024x576.jpg 1024w, https:\/\/spolek-bilka.cz\/wp-content\/uploads\/2017\/08\/11.-Bez-jm\u00e9na-300x169.jpg 300w, https:\/\/spolek-bilka.cz\/wp-content\/uploads\/2017\/08\/11.-Bez-jm\u00e9na-768x432.jpg 768w, https:\/\/spolek-bilka.cz\/wp-content\/uploads\/2017\/08\/11.-Bez-jm\u00e9na.jpg 1366w\" sizes=\"auto, (max-width: 660px) 100vw, 660px\" \/><\/a>\n\t\t\t<\/div><\/figure><figure class='gallery-item'>\n\t\t\t<div class='gallery-icon landscape'>\n\t\t\t\t<a href='https:\/\/spolek-bilka.cz\/uvod\/12-cesta\/'><img loading=\"lazy\" decoding=\"async\" width=\"660\" height=\"408\" src=\"https:\/\/spolek-bilka.cz\/wp-content\/uploads\/2017\/08\/12.-Cesta.jpg\" class=\"attachment-large size-large\" alt=\"\" srcset=\"https:\/\/spolek-bilka.cz\/wp-content\/uploads\/2017\/08\/12.-Cesta.jpg 825w, https:\/\/spolek-bilka.cz\/wp-content\/uploads\/2017\/08\/12.-Cesta-300x185.jpg 300w, https:\/\/spolek-bilka.cz\/wp-content\/uploads\/2017\/08\/12.-Cesta-768x475.jpg 768w\" sizes=\"auto, (max-width: 660px) 100vw, 660px\" \/><\/a>\n\t\t\t<\/div><\/figure><figure class='gallery-item'>\n\t\t\t<div class='gallery-icon landscape'>\n\t\t\t\t<a href='https:\/\/spolek-bilka.cz\/uvod\/13-volani-hory\/'><img loading=\"lazy\" decoding=\"async\" width=\"660\" height=\"408\" src=\"https:\/\/spolek-bilka.cz\/wp-content\/uploads\/2017\/08\/13.-Vol\u00e1n\u00ed-hory.jpg\" class=\"attachment-large size-large\" alt=\"\" srcset=\"https:\/\/spolek-bilka.cz\/wp-content\/uploads\/2017\/08\/13.-Vol\u00e1n\u00ed-hory.jpg 825w, https:\/\/spolek-bilka.cz\/wp-content\/uploads\/2017\/08\/13.-Vol\u00e1n\u00ed-hory-300x185.jpg 300w, https:\/\/spolek-bilka.cz\/wp-content\/uploads\/2017\/08\/13.-Vol\u00e1n\u00ed-hory-768x475.jpg 768w\" sizes=\"auto, (max-width: 660px) 100vw, 660px\" \/><\/a>\n\t\t\t<\/div><\/figure><figure class='gallery-item'>\n\t\t\t<div class='gallery-icon landscape'>\n\t\t\t\t<a href='https:\/\/spolek-bilka.cz\/uvod\/14-zvlastnosti\/'><img loading=\"lazy\" decoding=\"async\" width=\"660\" height=\"371\" src=\"https:\/\/spolek-bilka.cz\/wp-content\/uploads\/2017\/08\/14.-Zvl\u00e1\u0161tnosti-1024x576.jpg\" class=\"attachment-large size-large\" alt=\"\" srcset=\"https:\/\/spolek-bilka.cz\/wp-content\/uploads\/2017\/08\/14.-Zvl\u00e1\u0161tnosti-1024x576.jpg 1024w, https:\/\/spolek-bilka.cz\/wp-content\/uploads\/2017\/08\/14.-Zvl\u00e1\u0161tnosti-300x169.jpg 300w, https:\/\/spolek-bilka.cz\/wp-content\/uploads\/2017\/08\/14.-Zvl\u00e1\u0161tnosti-768x432.jpg 768w\" sizes=\"auto, (max-width: 660px) 100vw, 660px\" \/><\/a>\n\t\t\t<\/div><\/figure>\n\t\t<\/div>\n\n","protected":false},"excerpt":{"rendered":"<p>Cesta p\u0159\u00e1telstv\u00ed ve zkratce<\/p>\n","protected":false},"author":1,"featured_media":0,"parent":0,"menu_order":0,"comment_status":"closed","ping_status":"closed","template":"","meta":{"ngg_post_thumbnail":0,"footnotes":""},"class_list":["post-382","page","type-page","status-publish","hentry"],"_links":{"self":[{"href":"https:\/\/spolek-bilka.cz\/uvod\/wp-json\/wp\/v2\/pages\/382","targetHints":{"allow":["GET"]}}],"collection":[{"href":"https:\/\/spolek-bilka.cz\/uvod\/wp-json\/wp\/v2\/pages"}],"about":[{"href":"https:\/\/spolek-bilka.cz\/uvod\/wp-json\/wp\/v2\/types\/page"}],"author":[{"embeddable":true,"href":"https:\/\/spolek-bilka.cz\/uvod\/wp-json\/wp\/v2\/users\/1"}],"replies":[{"embeddable":true,"href":"https:\/\/spolek-bilka.cz\/uvod\/wp-json\/wp\/v2\/comments?post=382"}],"version-history":[{"count":17,"href":"https:\/\/spolek-bilka.cz\/uvod\/wp-json\/wp\/v2\/pages\/382\/revisions"}],"predecessor-version":[{"id":682,"href":"https:\/\/spolek-bilka.cz\/uvod\/wp-json\/wp\/v2\/pages\/382\/revisions\/682"}],"wp:attachment":[{"href":"https:\/\/spolek-bilka.cz\/uvod\/wp-json\/wp\/v2\/media?parent=382"}],"curies":[{"name":"wp","href":"https:\/\/api.w.org\/{rel}","templated":true}]}}